r?
True
Is 13501899403 a prime number?
True
Is 22413586651 composite?
True
Is 3406057093 a composite number?
False
Is 63550391 a prime number?
True
Is 7954880861 composite?
True
Is 186296027 composite?
True
Is 820642847 a composite number?
True
Is 245843677 composite?
True
Is 82201281 a composite number?
True
Is 6327398767 a prime number?
True
Is 25735204371 composite?
True
Is 13306938699 composite?
True
Is 1271177993 composite?
True
Is 95922763 prime?
True
Is 1018252661 a prime number?
True
Is 1065811577 composite?
True
Is 104039423 composite?
True
Is 7631953286 prime?
False
Is 732588781 composite?
True
Is 21009104542 a composite number?
True
Is 25039943 a prime number?
True
Is 108572881673 prime?
True
Is 6824820869 composite?
True
Is 18028795741 prime?
False
Is 841273019 composite?
True
Is 3380081773 a prime number?
True
Is 2861033911 a prime number?
True
Is 32256382618 a composite number?
True
Is 266256592237 composite?
False
Is 3865571849 a composite number?
True
Is 5089438489 prime?
True
Is 4938301111 prime?
True
Is 17220606563 a composite number?
True
Is 1077134237 a composite number?
False
Is 4109835911 a prime number?
True
Is 5172072663 a prime number?
False
Is 2269938571 prime?
True
Is 6421479041 prime?
False
Is 9008118943 prime?
False
Is 3632856485 a composite number?
True
Is 3315464869 a composite number?
True
Is 1671916751 prime?
True
Is 2472318809 a composite number?
True
Is 3609076813 prime?
True
Is 534554491 prime?
False
Is 250563871 a prime number?
True
Is 1807268483 a composite number?
True
Is 37378443449 a prime number?
True
Is 121948823207 prime?
True
Is 38188060667 composite?
True
Is 1309041947 a composite number?
False
Is 1404369523 a prime number?
False
Is 1387663997 composite?
False
Is 1576656593 composite?
False
Is 4257663698 prime?
False
Is 7475352851 prime?
True
Is 6808686107 composite?
False
Is 2928654871 composite?
True
Is 3239186341 prime?
False
Is 9959541143 a composite number?
False
Is 14217297065 prime?
False
Is 942357841 composite?
True
Is 980075377 composite?
True
Is 6725030569 composite?
False
Is 1608360401 a composite number?
False
Is 200117161 prime?
True
Is 3472441309 composite?
False
Is 262658521 prime?
False
Is 11064432569 a composite number?
True
Is 11949103267 a prime number?
False
Is 2484176789 a composite number?
False
Is 45410661857 prime?
False
Is 2920907381 a composite number?
True
Is 1109526961 composite?
False
Is 8423353447 a prime number?
True
Is 2750871391 a composite number?
True
Is 12267996913 a composite number?
False
Is 5534378207 a composite number?
False
Is 1784906989 composite?
False
Is 31206941 a composite number?
True
Is 62211707461 composite?
True
Is 1236885589 composite?
True
Is 11266181 prime?
False
Is 9063655499 a prime number?
True
Is 306531755 prime?
False
Is 68633566027 composite?
True
Is 2218067963 composite?
True
Is 350373767257 a prime number?
True
Is 1020453947 a composite number?
True
Is 866461733 a prime number?
False
Is 8151166427 composite?
False
Is 5780813293 prime?
True
Is 33849511778 a prime number?
False
Is 50800854187 composite?
False
Is 170185927 a prime number?
True
Is 932350213 composite?
False
Is 14682751877 a composite number?
True
Is 10624167067 prime?
False
Is 10773906141 prime?
False
Is 10236067 a prime number?
True
Is 3620805589 prime?
True
Is 2294477771 a prime number?
False
Is 882744494 a prime number?
False
Is 5254195277 composite?
False
Is 1113208199 composite?
False
Is 718446457 a prime number?
False
Is 10725105437 composite?
False
Is 11675286481 a composite number?
False
Is 421626421 prime?
True
Is 374394473 prime?
True
Is 23422871 prime?
True
Is 87469243 composite?
False
Is 878219369 a prime number?
True
Is 221607433 composite?
True
Is 327363199 a composite number?
False
Is 690208403 a composite number?
True
Is 3173273921 a prime number?
True
Is 305996543 prime?
True
Is 104213929 a composite number?
False
Is 122416891 prime?
False
Is 2284589423 a composite number?
True
Is 62571642967 a prime number?
True
Is 747590909 a prime number?
False
Is 440432081 a prime number?
True
Is 1114650703 prime?
False
Is 6232595441 prime?
False
Is 5229204011 a prime number?
True
Is 2693878687 a prime number?
True
Is 329363497 a composite number?
False
Is 121808119 prime?
False
Is 12655988777 a composite number?
True
Is 75768899 prime?
True
Is 2812919917 prime?
True
Is 25687234873 prime?
False
Is 1746115009 a prime number?
True
Is 1577504359 composite?
True
Is 10046205527 prime?
False
Is 6011124961 a prime number?
False
Is 202430821 a composite number?
False
Is 31779040487 composite?
False
Is 14102051 prime?
True
Is 130759426327 prime?
False
Is 322678757 composite?
False
Is 1008965807 prime?
True
Is 4362605743 composite?
False
Is 10467585031 a composite number?
False
Is 810908773 composite?
True
Is 93068771569 a composite number?
True
Is 350729207 a composite number?
False
Is 157018860497 a composite number?
False
Is 35310303697 composite?
False
Is 9712198703 a composite number?
False
Is 17160827039 a composite number?
True
Is 61454189441 a prime number?
True
Is 13188092597 prime?
True
Is 10443219407 a composite number?
True
Is 15603874817 prime?
True
Is 1137447347 a prime number?
True
Is 3904017893 a prime number?
True
Is 11757024091 composite?
False
Is 68208367 composite?
True
Is 1326460123 prime?
True
Is 623015114 a prime number?
False
Is 172229679815 composite?
True
Is 1313581937 a composite number?
False
Is 2333692567 a composite number?
True
Is 1147555273 composite?
True
Is 8437599913 a prime number?
False
Is 12675443 a composite number?
True
Is 130040033791 prime?
True
Is 1187960647 composite?
True
Is 2629940561 a composite number?
False
Is 279543413 a prime number?
True
Is 5163632989 a prime number?
False
Is 22865934373 a prime number?
False
Is 8395801147 a composite number?
True
Is 341459023 a composite number?
True
Is 8335122637 prime?
False
Is 439900413 a composite number?
True
Is 28104407689 a composite number?
False
Is 163353859 prime?
True
Is 13365437863 composite?
True
Is 3101348989 a prime number?
True
Is 262902169 a prime number?
False
Is 5039534759 a prime number?
False
Is 18761642983 a composite number?
True
Is 1053177793 prime?
False
Is 310876279 a prime number?
False
Is 19961306389 a prime number?
True
Is 735433843 a prime number?
True
Is 492976949 a prime number?
False
Is 25937265119 a composite number?
False
Is 644703881 a prime number?
True
Is 716681477 prime?
True
Is 1543072019 a prime number?
False
Is 468343957 a composite number?
True
Is 10097416787 composite?
False
Is 55441699955 prime?
False
Is 19428829877 a prime number?
False
Is 91886656861 a composite number?
True
Is 547485107 composite?
True
Is 1995900887 composite?
False
Is 225804577 a composite number?
False
Is 1790565695 composite?
True
Is 1854030977 a composite number?
False
Is 2640967403 composite?
False
Is 466812967 a composite number?
True
Is 875580577 a prime number?
False
Is 57171074567 prime?
False
Is 334584853 prime?
False
Is 61534337 prime?
False
Is 49617003803 a composite number?
False
Is 1303297027 prime?
False
Is 838789913 a prime number?
False
Is 3172044019 composite?
True
Is 8668773581 composite?
True
Is 608184817 composite?
False
Is 98359242977 a composite number?
False
Is 27966364213 a prime number?
True
Is 961876423 a prime number?
False
Is 639484441 a composite number?
True
Is 134912175473 prime?
False
Is 3077548787 composite?
True
Is 3265638689 composite?
False
Is 11931448013 a composite number?
False
Is 8498835739 a prime number?
True
Is 69212177159 a composite number?
True
Is 185702974291 a prime number?
True
Is 6202222693 a prime number?
False
Is 55169657701 prime?
True
Is 1635051193 prime?
True
Is 50390557013 a prime number?
True
Is 13008994693 a composite number?
True
Is 2509040113 a composite number?
True
Is 1117083811 prime?
False
Is 260139071 prime?
True
Is 3227053 prime?
False
Is 11207774519 prime?
True
Is 624856579 a composite number?
False
Is 266444669 composite?
True
Is 109452801295 composite?
True
Is 508807427 a prime number?
False
Is 3791065939 prime?
True
Is 6402044927 composite?
True
Is 88742091157 composite?
True
Is 34458967049 a composite number?
True
Is 17857151761 a prime number?
False
Is 33538198693 composite?
False
Is 1647559609 a prime nu